(t) = 9*t**3 - t**2 + t + 1. Let x be 14/2 + -53 + -3 + 1. Suppose a = -2*a + 5*i - 18, i = -2*a - 12. Let l be (-7)/8 - a/x. Calculate v(l).
-10
Let m(o) = -o + 4. Let b(i) = i**2 - 10*i - 12. Let y be b(13). Let t = 32 - y. Suppose 4*r = -t*d + 13, 4*r - 25 = -2*d + d. Calculate m(r).
-3
Let f(s) = s**2 + 7*s + 4. Let b be 68 - (6 + -4 + -6). Suppose b*i = 73*i + 4. What is f(i)?
-8
Let t(u) = 4*u - 2*u**2 - 1 + 4*u**2 - u**2 - 2*u**2. Let d be (175/3)/(20/(-60)). Let n be d/(-20) + -6 + 1/4. What is t(n)?
2
Let j(f) = f**2 + 3*f - 1. Let z = 333 - 334. Let m be (35/(-5) + 12)*z. Give j(m).
9
Let n(j) = -14*j - 21. Let b(f) = -2*f + 3. Let p(o) = -6*b(o) - n(o). Calculate p(1).
29
Let a(g) be the third derivative of 11/6*g**3 + 0 - 7/120*g**5 - g**2 + 1/12*g**4 - 1/360*g**6 + 0*g. Let t(h) be the first derivative of a(h). What is t(-5)?
12
Suppose -7*o + 4*q = -3*o, 0 = -4*o + q + 15. Suppose -46 = -o*n - 36. Let b(z) = -8 - 1 - 2 - n*z + 6. What is b(5)?
-15
Let t(a) be the first derivative of -2*a**3/3 - 5*a**2/2 + 5*a + 852. Calculate t(2).
-13
Let v(f) be the third derivative of f**6/120 - f**5/12 + 5*f**4/24 - 1097*f**2. Calculate v(3).
-3
Let u(c) = -17 + 0*c + 2*c + 0*c. Let t(n) = -38*n - 3261. Let r be t(-86). Determine u(r).
-3
Let f(i) = -2*i**2 + 3 + 27*i + 18*i - 37*i + 2 + 3*i**2. Suppose -a = 4, -2*y - 2*a = -a - 24. Let j = y - 22. Determine f(j).
5
Let p(s) = -s. Let a be p(4). Let d(z) = -z + 12. Let i be d(10). Let w(x) = i + 9*x + 2*x + 2*x - 3 - 14*x. Calculate w(a).
3
Suppose 0 = w + 3*g - 30 - 15, -146 = -3*w + 2*g. Let t be w/(-36)*21/(-4). Let f(m) = 2 - 1 - 1 + 2 - t*m. What is f(-2)?
16
Let n(d) = -d**2 - 21*d + 889 - 925 + 2*d**2. Calculate n(23).
10
Let b(o) = 16*o**2 - o. Let c(h) = -29*h**2 + 3*h. Let i(k) = -5*b(k) - 2*c(k). Suppose 11*d = 13*d + 2. Give i(d).
-21
Suppose 5*n = -4*d - 14, -1151*n + 1155*n - 26 = 3*d. Let x(t) = -t**2 - 15*t + 34. Give x(n).
0
Suppose 3*l - 18 - 3 = -3*d, -5*d + 29 = 4*l. Let z(r) = -r**3 + 5*r**2 + 7*r - 2. Let n be z(l). Let s(f) = -17 + 18 + 740*f + 748*f - 1491*f. Give s(n).
-11
Let b(s) be the third derivative of s**5/60 + s**4/8 - s**3/6 - 704*s**2. What is b(-3)?
-1
Let m(s) be the second derivative of s**4/12 + 31*s**3/6 - 7*s**2 + 1828*s. Determine m(-31).
-14
Let q(p) = p - 9. Let o(v) = -4*v**3 - 34*v**2 + 7*v + 10. Let k be o(-9). Let g = k - 104. Give q(g).
-4
Let y(v) = -8*v**3 + 5 - 7*v**2 + 5*v - 8*v**3 + 0*v**3 - v**3 + 18*v**3. Suppose 2*q = -4*g - 6, 0 = 2*q + 3*g - 4*g - 14. What is y(q)?
-20
Let h(c) = 17*c**3 + 12*c**2 + 30*c. Let a(n) = 19*n**3 + 12*n**2 + 32*n + 2. Let k(l) = 8*a(l) - 9*h(l). Give k(-11).
49
Let s be 224/(-38) - (-36)/(-342). Let v(b) = -21*b - 33 + 4*b - 8 - 8*b. Let c(m) = -5*m - 8. Let a(q) = -11*c(q) + 2*v(q). Give a(s).
-24
Let z be 4/(-28) + (-860)/7. Let p = z + 129. Let s(i) = -i**2 + 5*i + 6. Give s(p).
0
Let k = -269 + 57. Let d = -212 - k. Let u(i) = i**2 - 19. What is u(d)?
-19
Let v(k) = -k**2 + 6*k. Let c = 3345 + -3338. Give v(c).
-7
Let m(r) = 2*r**2 + 5*r - 1. Let k be (-120)/28 - 4/(-14). Let c be m(k). Let p(j) = -2 - c - j + 2. Determine p(-9).
-2
Let m(g) = g**3 - 6*g**2 + 8*g - 10. Suppose 0 = -r - 4*j - 16, 0*r + 3*r - 17 = j. Calculate m(r).
-10
Suppose 11*d - 2907 = 2*d. Let v = 329 - d. Let p(y) = -y**3 + 8*y**2 - 13*y + 7. What is p(v)?
1
Let v(b) be the second derivative of -13*b + 0 - 1/3*b**3 + 0*b**2. Give v(-4).
8
Let l(f) = -f**2 - 6*f. Let d be (-1)/(-6) - (115/(-30) + 3). Let m be (12/(-16) + d/(-4))*7. Give l(m).
-7
Let p(r) be the second derivative of r**4/12 - r**3 + r**2/2 + 8*r + 6. Determine p(4).
-7
Let y be 2/(12/2) + (-344)/258. Let a(r) = -12*r**3 + r**2 + r - 1. Give a(y).
11
Let c = 11 + -18. Let n(t) be the first derivative of t**6/120 + t**5/10 - t**4/4 - 13*t**2 + 2*t + 50. Let m(h) be the second derivative of n(h). What is m(c)?
-7
Let l(g) be the first derivative of 33*g**2/2 - 3*g - 1851. Give l(2).
63
Let u(l) = -5*l - 87. Let x(h) = 12*h + 189. Let i(s) = -5*u(s) - 2*x(s). What is i(0)?
57
Let q(x) = 14*x - 23. Let n be q(6). Let a = 57 - n. Let y(p) = p**2 - 1240*p + 1242*p - 5 + 4*p**2 + p**3. Determine y(a).
3
Let p(b) = 3*b - 1 - 6*b - 2*b**3 + b**3 - 4*b**2. Suppose 6*j = -84 - 474. Let q = 90 + j. Determine p(q).
-1
Let t(b) = b**3 + 4*b**2 - 1. Suppose -21 = -n - 6*n. Suppose v - h = 7, h = v - 2*v + n. Let x(g) = g**2 - 7*g + 7. Let i be x(v). Determine t(i).
8
Let y(a) = 3*a + 1. Let b(n) = -11*n**3 + 29*n**2 - 10*n - 17. Let s(z) = 5*z**3 - 14*z**2 + 4*z + 8. Let d(r) = 6*b(r) + 13*s(r). Let t be d(-7). Give y(t).
28
Let a(r) be the third derivative of 11*r**4/24 - 29*r**3/6 - 24*r**2 - 13. What is a(6)?
37
Let l be 1*3*(-3)/9*18. Let q be 14/3*l/(-21) + 5. Let t(a) = a - 17. Determine t(q).
-8
Let r(m) = m**3 + 13*m**2 + 12*m - 6. Let z = -18631 + 18619. What is r(z)?
-6
Let q(l) = 10*l + 37. Let t be (6/2)/(-1) - (18 - (-6 + 22)). Calculate q(t).
-13
Let n(c) = 9*c**3 + 63*c**2 - 28*c + 30. Let m(i) = 4*i**3 + 31*i**2 - 8*i + 15. Let q(y) = 7*m(y) - 3*n(y). Give q(-27).
-12
Let y(t) = 27274*t - 3 - t**2 - 27260*t - 25. Give y(12).
-4
Let g(i) = i**3 + 2*i**2 - 3*i - 2. Let b be (2 - -2)/(-5 + (-3954)/(-792)). Let h = b - -526. What is g(h)?
4
Let t(o) = -557*o + 3359. Let g be t(6). Let k(m) = 2*m**2 - 26*m - 130. Give k(g).
6
Let w(y) = 158*y**2 + 4*y - 1. Let q(g) = -106*g**2 - 3*g + 1. Let j(s) = 7*q(s) + 5*w(s). Determine j(-1).
51
Let l(i) = 3*i**2 + i + 1. Let x(v) = -v**3 + 12*v**2 + 15*v - 22. Let a be x(13). Let j be (a/(-6))/((-4)/(-12)). Calculate l(j).
11
Let z(w) = -w - 3. Suppose -563 = -41*x - 973. Determine z(x).
7
Let w(d) = 3*d**2 + 4*d - 1. Let k = 94 - -35. Let y be (3 + -1)/(2 - 264/k). Let v = y + 40. Calculate w(v).
14
Let l be -1 + (4/(-18) - (-492)/27). Suppose l*n - 18*n = 3. Let u(f) = f**3 + 5*f**2 + 3*f - 1. Calculate u(n).
8
Let p = 43 + -47. Let n be (-5 - (0 + -4))*p. Suppose n*l - 25 = x - 2*x, -38 = -5*l + x. Let g(d) = -d + 1. What is g(l)?
-6
Let l(q) be the second derivative of 3*q**3 - 15*q**2/2 - 1183*q. Give l(3).
39
Let j(u) = -2*u - 3. Let v = -750 - -732. Let s be ((-31)/(-62))/((-1)/v). What is j(s)?
-21
Let n(w) = 2*w**3 - 18*w**2 + 9*w - 3. Let z(h) = -4*h + 5*h - 2 - 8*h**2 + 0*h**3 + 3*h + h**3. Let k(v) = 2*n(v) - 5*z(v). Determine k(3).
7
Let p be -23 + 15 + 11/1. Let j(z) = -z**3 - z**2 + 4*z - 4. Calculate j(p).
-28
Let n be (-1)/((-3)/2*(-2)/(-9)). Let g be (n/(-3))/(1/(-4)). Suppose -2*i = -2, i + 16 = g*o - 7. Let q(t) = t**2 - 7*t + 5. Determine q(o).
-1
Let z be ((-81)/6 - -13)*(1 - -45). Let u(a) = a + 16. Give u(z).
-7
Let p(k) = 5 + 5 + 9*k - 6 - 2*k - 8*k. Let r = -1 - -4. Suppose 4*w = r*w - 3. Determine p(w).
7
Let u = 243 + -240. Let b(g) = -g - 30 + 9*g**2 + g**u + 54 - 20. Give b(-9).
13
Let i(l) = l**2 - 8*l + 5. Let a be i(4). Let z(n) = -n + 1. Let d(o) = 2*o - 3. Let s(c) = a*z(c) - 6*d(c). Suppose 4 = k + 1. What is s(k)?
4
Suppose -40*a + 404 + 76 = 0. Let o(r) = 35*r - 427. Calculate o(a).
-7
Let i(r) = 3*r**3 - 2*r**2 + 5*r - 2. Let o be i(1). Let t(a) = -55144*a**2 + 55142*a**2 - o + 5*a - a - 2*a. Determine t(4).
-28
Let l(r) = -r**3 - 7*r**2 + 2*r + 7. Let m = 733 + -739. Determine l(m).
-41
Let o(u) be the third derivative of 23*u**4/12 - 61*u**3/2 + 34*u**2 - 2. Calculate o(4).
1
Let p(n) = -n**2 + 9*n + 4. Let r be (-4)/(-1) + 48 + -45. Calculate p(r).
18
Let n(l) be the third derivative of -5/6*l**3 + l**2 - 1/60*l**5 + 0*l - 5 + 1/3*l**4. Let x(v) = -v + 7. Let w be x(0). Determine n(w).
2
Let o(n) = 504*n - 1016. Let w be o(2). Let s(a) = -6*a - 2. Give s(w).
46
Let t(s) = -s**3 + 23*s**2 - 44*s + 43. Let d be t(21). Let f(b) = 8*b**2. Let z(o) = o**2 - o. Let r(u) = d*f(u) - 4*z(u). What is r(-2)?
8
Suppose 15*m - 1689 = -6519. Let d = -327 - m. Let s(j) = j + 6. Determine s(d).
1
Suppose 5*m - 153 = -46*m. Let d(v) = -2*v**3 - 3*v**2 + 4*v + 1. Let r(p) = p**3 - p - 1. Let f(i) = -d(i) - 3*r(i). Determine f(m).
-1
Let h be (-98)/5*305/(-122). Let m be 4/9 + 5/((-45)/h). Let j(o) be the second derivative of -o**3/6 - o**2 + o. Determine j(m).
3
Let i = -281 + 322. Let h(n) = -37*n - 1 + 18 + 4 + 10 + i*n. What is h(-9)?
-5
Suppose 43 = 14*g - 83. Let u(n) = -7*n + n**2 + 9 + 5 - 27. G